usands digit of 21751802?
1
What is the hundred thousands digit of 267223790?
2
What is the hundred millions digit of 388558601?
3
What is the thousands digit of 7921653?
1
What is the hundred millions digit of 377207622?
3
What is the hundred millions digit of 548166306?
5
What is the ten thousands digit of 2561817456?
1
What is the hundred millions digit of 248318637?
2
What is the millions digit of 2894124910?
4
What is the thousands digit of 715845602?
5
What is the ten thousands digit of 400648201?
4
What is the tens digit of 3947533733?
3
What is the tens digit of 173424149?
4
What is the tens digit of 3868503896?
9
What is the ten millions digit of 4620412046?
2
What is the hundred thousands digit of 1455021002?
0
What is the thousands digit of 85128161?
8
What is the hundred thousands digit of 301716456?
7
What is the hundred thousands digit of 37335966?
3
What is the hundred thousands digit of 24832520?
8
What is the ten millions digit of 5022544601?
2
What is the hundreds digit of 923364717?
7
What is the units digit of 73712701?
1
What is the thousands digit of 2067848951?
8
What is the ten thousands digit of 2607002082?
0
What is the millions digit of 286242115?
6
What is the ten thousands digit of 675089841?
8
What is the units digit of 24239280?
0
What is the hundred thousands digit of 980352897?
3
What is the millions digit of 3434676?
3
What is the tens digit of 415197812?
1
What is the tens digit of 40154491?
9
What is the units digit of 158491055?
5
What is the units digit of 443068107?
7
What is the tens digit of 2275976283?
8
What is the units digit of 2903816218?
8
What is the tens digit of 1434121730?
3
What is the tens digit of 996657026?
2
What is the hundreds digit of 293580114?
1
What is the tens digit of 21951246?
4
What is the ten millions digit of 12472851?
1
What is the thousands digit of 37499518?
9
What is the tens digit of 4215247827?
2
What is the ten thousands digit of 246154479?
5
What is the thousands digit of 7584983837?
3
What is the hundred thousands digit of 8257104137?
1
What is the hundred thousands digit of 744357379?
3
What is the ten millions digit of 41404066?
4
What is the ten millions digit of 85324245?
8
What is the thousands digit of 35048057?
8
What is the millions digit of 819945526?
9
What is the ten millions digit of 182430024?
8
What is the millions digit of 944701119?
4
What is the hundred millions digit of 3138690615?
1
What is the hundred millions digit of 1288705316?
2
What is the units digit of 2270696215?
5
What is the hundred millions digit of 239166450?
2
What is the tens digit of 776714532?
3
What is the tens digit of 35239318?
1
What is the millions digit of 1081947536?
1
What is the billions digit of 1717006077?
1
What is the hundred thousands digit of 98544253?
5
What is the ten thousands digit of 59693042?
9
What is the units digit of 15779723?
3
What is the hundred millions digit of 197946974?
1
What is the tens digit of 79610289?
8
What is the hundred thousands digit of 25729276?
7
What is the ten thousands digit of 161754300?
5
What is the millions digit of 8901836?
8
What is the millions digit of 1872643944?
2
What is the tens digit of 109401801?
0
What is the ten thousands digit of 54316387?
1
What is the hundred thousands digit of 108516197?
5
What is the billions digit of 3309531053?
3
What is the hundreds digit of 1487206020?
0
What is the units digit of 3451940987?
7
What is the hundred thousands digit of 31138833?
1
What is the hundreds digit of 1707922672?
6
What is the hundred millions digit of 748992350?
7
What is the ten thousands digit of 4447847739?
4
What is the thousands digit of 21536147?
6
What is the millions digit of 364721227?
4
What is the ten millions digit of 2576451117?
7
What is the hundreds digit of 176337969?
9
What is the units digit of 39377250?
0
What is the hundreds digit of 719516621?
6
What is the thousands digit of 5395739189?
9
What is the hundreds digit of 28428145?
1
What is the tens digit of 395588986?
8
What is the units digit of 93139133?
3
What is the millions digit of 19473667?
9
What is the millions digit of 1494693989?
4
What is the thousands digit of 12243036?
3
What is the hundred thousands digit of 130307399?
3
What is the tens digit of 249835428?
2
What is the thousands digit of 5146592374?
2
What is the millions digit of 668283961?
8
What is the millions digit of 37778061?
7
What is the millions digit of 1363949395?
3
What is the ten millions digit of 353209808?
5
What is the hundred thousands digit of 1762137070?
1
What is the ten thousands digit of 890939880?
3
What is the millions digit of 589117337?
9
What is the millions digit of 32503199?
2
What is the ten millions digit of 171932840?
7
What is the units digit of 5141073836?
6
What is the thousands digit of 304178588?
8
What is the hundred thousands digit of 557040932?
0
What is the millions digit of 126346500?
6
What is the units digit of 874217195?
5
What is the thousands digit of 1842932330?
2
What is the hundred thousands digit of 25954105?
9
What is the thousands digit of 3220510010?
0
What is the thousands digit of 25167612?
7
What is the millions digit of 3752805858?
2
What is the units digit of 32830084?
4
What is the thousands digit of 285703485?
3
What is the hundred millions digit of 5651871871?
6
What is the ten millions digit of 533485026?
3
What is the ten millions digit of 518087673?
1
What is the ten thousands digit of 10547608?
4
What is the millions digit of 1444836903?
4
What is the ten millions digit of 1219037431?
1
What is the hundreds digit of 117396959?
9
What is the hundreds digit of 193410590?
5
What is the tens digit of 139682455?
5
What is the hundred millions digit of 123797442?
1
What is the ten millions digit of 63338169?
6
What is the tens digit of 287831054?
5
What is the units digit of 106536562?
2
What is the tens digit of 1360383775?
7
What is the thousands digit of 96326387?
6
What is the hundreds digit of 287236457?
4
What is the hundreds digit of 194489014?
0
What is the hundred thousands digit of 52349445?
3
What is the ten millions digit of 62220615?
6
What is the millions digit of 1063286703?
3
What is the units digit of 1776929655?
5
What is the tens digit of 171443496?
9
What is the hundred thousands digit of 25850693?
8
What is the thousands digit of 5991091704?
1
What is the millions digit of 5398747?
5
What is the hundred millions digit of 349705102?
3
What is the hundreds digit of 31241735?
7
What is the ten thousands digit of 85023078?
2
What is the hundred thousands digit of 154104854?
1
What is the hundred thousands digit of 9349860?
3
What is the hundred thousands digit of 475655319?
6
What is the ten thousands digit of 391661962?
6
What is the ten thousands digit of 83334819?
3
What is the hundreds digit of 17430831?
8
What is the ten thousands digit of 917045405?
4
What is the tens digit of 4790845786?
8
What is the tens digit of 4120612?
1
What is the millions digit of 31453712?
1
What is the millions digit of 1064946190?
4
What is the hundred millions digit of 265561371?
2
What is the hundred millions digit of 109034418?
1
What is the tens digit of 4667826?
2
What is the hundred millions digit of 587785846?
5
What is the units digit of 4982197061?
1
What is the hundreds digit of 1528253193?
1
What is the millions digit of 366072637?
6
What is the hundred thousands digit of 93199680?
1
What is the units digit of 799383103?
3
What is the millions digit of 147727956?
7
What is the millions digit of 96422632?
6
What is the thousands digit of 151632016?
2
What is the millions digit of 92331967?
2
What is the tens digit of 45545527?
2
What is the hundreds digit of 799209158?
1
What is the units digit of 52053662?
2
What is the thousands digit of 282834919?
4
What is the units digit of 365252312?
2
What is the millions digit of 5163507?
5
What is the ten thousands digit of 5380999812?
9
What is the hundred millions digit of 5842574455?
8
What is the ten millions digit of 21280362?
2
What is the hundreds digit of 1834059593?
5
What is the hundreds digit of 36433373?
3
What is the ten thousands digit of 234214418?
1
What is the ten thousands digit of 159967505?
6
What is the units digit of 1184855205?
5
What is the bi